-19 + 5 - (18 - 16).
-16
What is 23 + (249 - 260 - (-1 - -4))?
9
-8 + 6 + 12 + (10 - (7 + 8))
5
What is -3 - (48 + -56 + (4 - 0))?
1
What is the value of -1 - 4 - (290 - 286)?
-9
What is 18 + 7 + -20 + 0?
5
What is the value of (-23 - -45 - 11) + -40 + 1 + -1?
-29
Calculate -4 - ((-2 + -3 - -5) + -2 + -6).
4
Evaluate -2 - 2 - ((-5 - -13) + -4 + 11).
-19
What is the value of (-8 - 1) + 94 + -90 - 9?
-14
What is the value of (-12 - -38) + -9 + -1 + 13?
29
0 + (-6 - -10) - (16 - 27)
15
What is the value of 6 + 11 + -5 - 10 - 9?
-7
3 - (5 - 1 - -4 - (24 + -16))
3
Calculate 26 - -1 - (49 + -20).
-2
What is the value of -13 - (-5 + (8 - (0 - -4)))?
-12
What is 41 + -5 + -42 - ((0 - 21) + 0)?
15
Calculate -19 + 19 - (-12 - -16).
-4
Evaluate -1 + (4 - 1) + -5 - -15.
12
What is the value of 4 - 2 - ((-15 - -6) + 17)?
-6
Calculate -12 + 18 + -5 + -1 + 19.
19
-11 - (-13 + 12 + -7 + -4)
1
What is the value of (4 - -1) + 3 + -7 - (-9 - -12)?
-2
Calculate 34 + (-26 - (-22 - -13)).
17
Calculate (-26 - -15 - (7 - -3)) + 19.
-2
6 + 3 + -5 + -11 + (-42 - -54)
5
Evaluate (3 - 3) + 2 - (7 - (14 + -8)).
1
Calculate 12 + 15 + 0 + -26.
1
Evaluate (2 - (4 + -3) - 0) + 5 + -3.
3
What is the value of -29 + 3 + (7 - 11)?
-30
(10 - (-8 - (-1 - -3))) + -5
15
Calculate (-59 - -21) + 38 - (0 - -28).
-28
What is the value of (9 - 2) + (1 - (-4 - -10)) - -7?
9
Evaluate (-163 - -174) + 6 + -1 - -7.
23
Evaluate 7 + -1 + 2 - (13 + (-85 - -71)).
9
-5 - (-8 + -7 + 6 - 21)
25
Evaluate -9 + 45 + -33 - (-5 + 0).
8
(0 - 11) + -1 - -29
17
Evaluate -15 + 21 - (-8 + 7).
7
What is the value of -2 + -2 + 16 + 5 + 42 + -48?
11
What is (3 - (2 - -1)) + -18 + 14 + -7?
-11
What is -29 - (-15 + -4) - -1?
-9
What is (-3 - -3 - 4) + -10 - 0?
-14
What is -13 - -26 - (-6 - -7)?
12
What is the value of (0 + 1 - 13) + 7?
-5
Calculate 18 - (23 + (-10 - -18)).
-13
11 - (17 + -4 + -12)
10
Evaluate (8 - (-3 + 6 + 5)) + -11.
-11
What is (-16 - (4 - 6)) + -14?
-28
What is 5 - ((-3 - -17 - 1) + 5 + -5)?
-8
What is -16 - (3 + (-4 - -3)) - (-25 + 20)?
-13
22 + (-3 - 8) + (-9 - 4) + 7
5
Calculate -3 - (8 + -11 - 17 - 1).
18
What is (1 - 2) + -67 + 62?
-6
What is the value of 10 + 12 + 10 - 17?
15
Evaluate (-197 - -206) + (0 - -2 - 19).
-8
Evaluate (-10 - 36 - -12) + 18.
-16
(-3 - (-1 + 0)) + (12 - -2)
12
Calculate -6 + 0 - (512 - 533).
15
6 - 5 - (35 - 24 - -6)
-16
What is the value of -1 + 6 + 13 + (-23 - (21 + -35))?
9
What is the value of (5 - -2 - 1) + -21 + -1?
-16
What is 5 - (4 + -8 + 13) - 3?
-7
What is -14 + (-3 + 2 - (-99 - -87))?
-3
Calculate 7 - (-6 + -3 + 1 + 6 + 7).
2
Calculate -1 + -10 + 9 + 5 + -3 - -3.
3
What is the value of 6 + -1 - ((-9 - (1 + 6)) + 10)?
11
Evaluate 9 + 2 - (-82 + 83).
10
What is the value of 26 + (-35 + 2 - 19)?
-26
-5 + 4 + -3 + -1 + 0
-5
What is the value of (-8 - (0 + 0)) + 0 + -1?
-9
8 - (-18 - 3) - (3 + 0)
26
Evaluate 6 + 23 - 27 - -12.
14
-23 - -27 - (-2 + 2 - 0)
4
What is the value of (22 - 19) + -16 - -10?
-3
What is -4 - 3 - (-1 - -18 - (-134 + 144))?
-14
What is -7 + -13 - ((-1 - 1) + -5 + 17)?
-30
What is 0 + -1 + 8 - (-2 - -3 - -3)?
3
-1 - -9 - (-34 + -2 + 40)
4
(-39 - -39 - -30) + -39
-9
What is the value of -13 - (9 + -47) - 0 - 14?
11
23 - (-3 - (-17 + -14))
-5
What is (-4 - -1) + (-2 - -11) - (6 - 1)?
1
(18 - 57) + 15 + 3
-21
What is -20 + 3 + -2 + 2 + -4 + 0?
-21
What is (-29 - -23) + (-20 - -37)?
11
What is the value of 6 - (4 + 4 + 1 - 8)?
5
Evaluate 37 + -2 + 1 + -24.
12
(1049 - 1014) + 1 + -43
-7
Evaluate 13 + 1 + -14 - (2 - 3).
1
What is 29 - (2 - 1 - -10 - (4 + -1))?
21
Evaluate -73 - -92 - (12 + -1).
8
What is 5 - 13 - (1 + 2 - (25 - -2))?
16
What is the value of (16 - -1 - (-15 - -30)) + (3 - 2)?
3
Evaluate 32 - (24 - 30 - -42).
-4
Evaluate (-16 - (-2 + -3)) + 26.
15
5 - 3 - 19 - (239 - 259)
3
Evaluate -17 + (-4 - -4) - (-20 - (4 - 16)).
-9
-2 - (12 - ((14 - 12) + 2))
-10
What is the value of (-19 + 27 - 0) + 28?
36
Calculate (1 - -13) + 0 + -8 - 16.
-10
What is the value of 16 + 2 - (180 - 166)?
4
What is the value of (-4 - 3) + (-13 - (3 - 10)) + 14?
1
Calculate -8 - (-18 - (6 + -9 + -1)).
6
What is (0 - (-2 - -4)) + 3 + -43 + 9?
-33
What is -21 - (-18 + (-12 - -9))?
0
What is the value of 101 + -33 - 27 - 24?
17
(-14 + 49 - 38) + 1 + -14
-16
Calculate 7 - (1 + 3) - (-9 - -10).
2
What is -237 - -248 - ((4 - 4) + -1)?
12
What is the value of -1 - (-4 + 1 + 60 + -53)?
-5
Calculate (-2 - -1 - 3) + (-93 - -57 - -55).
15
What is (1 - 2) + 2 + (-4 - -29) + -31?
-5
What is the value of 12 + -5 + -3 + 3 + -3?
4
Evaluate -1 + -4 + -11 + (-10 - -24).
-2
112 + -103 + 1 + 1 + -17
-6
-16 - ((-29 - -17) + -28)
24
What is -16 + 14 + -6 - (-3 + (-19 - -2))?
12
Calculate -5 - (0 + -10 + 8 - -10).
-13
What is (4 - (-12 + 3 - (-3 + -4))) + -2?
4
What is the value of -6 + (4 - -4) - 0?
2
Calculate 15 + (-8 - -1) + 4 + -21.
-9
Evaluate (-7 - (4 + 1 + -4)) + 16.
8
-11 - (18 - (6 + 9))
-14
What is 21 + (-18 - -5) - (-7 - -2)?
13
What is 4 - (-4 + 1) - (9 + -3 - 17)?
18
13 - (1 + 0 - (9 + -7 - 7))
7
Evaluate -3 + -2 + -7 + 7.
-5
Calculate (-309 - -337) + (3 - 2).
29
Calculate 18 + -1 + (-848 - -844).
13
What is the value of -3 + -9 + 0 + -3 + 0 + 3?
-12
12 - (17 + -5 + 20 + -35)
15
Calculate (-27 - -8) + 14 + 16 - 2.
9
Calculate 4 + 4 + (-10 + 12 - -15) - 7.
18
Calculate 64 - (13 - -48) - (-1 + 7).
-3
What is the value of 5 - (-5 - -4) - (-7 + 14 + -3)?
2
What is the value of (-1 - -17) + (6 - 11)?
11
What is the value of (2 + (-1 - 1) - (-34 + 38)) + 3?
-1
What is 7 - (-8 + 12) - (-66 + 84)?
-15
What is (1 - -3) + 0 - (-3 - 2)?
9
Calculate (-23 - 0) + -420 + 429 - 0.
-14
What is (-11 - 5) + 19 + 33?
36
Calculate 8 + -3 + 4 + 1 + -5 + 24.
29
What is 390 - 383 - (20 - -1)?
-14
Evaluate (2 - 14) + (47 - (4 - -23)).
8
1 - 2 - 5 - (-48 - -60)
-18
What is the value of -24 - (-42 + 19 + 7)?
-8
Evaluate -34 + 0 - (-807 - -760).
13
What is 40 + -37 - (9 - -3)?
-9
34 + (-31 - 0) + -5
-2
Evaluate -1 + 10 + (-24 - (-52 - -17)).
20
What is the value of -3 + -20 + 1 + -2 + -2 + 5?
-21
-31 - (-12 - (8 + -11))
-22
What is -8 - 9 - (-7 - 3)?
-7
Evaluate (0 - -1) + -5 - (-33 + (4 - -19)).
6
Calculate -25 - (-1 - 8) - -4.
-12
What is -1 - (-23 - -8) - (0 - -4)?
10
Evaluate 2 - -14 - (200 - 192).
8
What is the value of 1 + -21 + 5 - -6?
-9
What is 12 - (7 - 15) - 27?
-7
What is (-55 + 38 - (1 - -8)) + 8?
-18
What is (-8 - -1) + (6 - 0) + -8 + 6?
-3
Calculate ((-3 - -2) + 9 - -7) + -7.
8
What is the value of -18 + -4 + 8 + (-52 - -56)?
-10
Calculate 1 - (91 + -31 + -31).
-28
What is the value of (1 + -3 - -21) + -1294 + 1273?
-2
Evaluate 14 + -1 - (-5 + 0 + 1).
17
Calculate -3 - (3 - (19 - 21)).
-8
Calculate 1 + 9 + (0 - -2) + -3.
9
Calculate (-2 - (-3 - (-6 + 7))) + (11 - 6).
7
Calculate 8 + (-4 + 5 + 11 - (-11 + 17)).
14
-1 + (-2 - 3 - -4)
-2
What is the value of -14 + 29 + -2 + -38 + -4?
-29
Evaluate (-45 - -33) + -1 + 0 - 10.
-23
-47 + (-6 - (-24 + -7))
-22
Evaluate -1 + 23 + (8 - (16 - 20)).
34
What is -1 - 0 - (-4 + (-18 - -13))?
8
What is the value of -22 + 24 + (2 - (-2 + 9)) - 12?
-15
8 - (6 + 19 + -8 + -12)
3
What is the value of (3 - -14) + -8 + -7?
2
What is the value of -6 - (-1 - (-13 + 7))?
-11
Calculate -32 + 23 + (2 - -12).
5
What is the value of 2 - 0 - (-21 - (-47 - -24))?
0
Calculate -20 + -18 + 36 + -10.
-12
-32 - (-8 + 41 - 80)
15
Evaluate 30 - (13 - 15 - -17).
15
Evaluate (-1 - 0) + 3 - (22 - (7 - -4)).
-9
Calculate -2 + -3 - -21 - 21.
-5
Calculate (20 - 71 - -49) + 4 + 0.
2
Evaluate 1 + 5 - ((2 - (-10 - -32)) + 37).
-11
Calculate -9 - (-18 + 14 + (6 - 1) + 5).
-15
Calculate -6 + 4 + 12 + -2.
8
Calculate 4 + (8 - 3) + (1 - 2 - 6).
2
What is 14 - ((-6 - 25) + 27)?
18
Calculate 8 - ((8 - (-15 - 25)) + -2).
-38
What is the value of 4 + -10 + 50 + -32?
12
Evaluate 6 - (6 - -2 - (-23 - -31)).
6
6 + 4 + -8 + 2
4
Evaluate -13 + 5 + 2 + (6 - 0 - 14).
-14
What is 7 - (0 - (27 - 20) - 0)?
14
What is 2 - (24 + -43) - -3?
24
Evaluate 6 + (0 + -1 - -1) + (3729 - 3733).
2
Evaluate -31 + (10 + -3 + 7 - (15 - 8)).
-24
What is 9 - 9 - (-73 + 79)?
-6
What is -2 - (-14 + (12 - (8 - -6)))?
14
What is the value of 8 + (-22 - 2 - -9)?
-7
What is the value of 15 - (1 + 2) - (18 + (-19 - -4))?
9
What is the value of 3 + -14 + 5 - (3 + -1) - -2?
-6
What is the value of (-18 - 0) + -300 +